2 - -8) + (-8)/2. Let j be ((-9)/y)/((-3)/10). Suppose i = -j + 11. What are the prime factors of i?
2, 3
What are the prime factors of 1/((-25 - -23)*(-2)/21532)?
7, 769
Let h(n) = -11*n**3 + 4*n**2 + 12*n + 9. Let j be h(-4). Let l = j + -456. List the prime factors of l.
3, 7, 13
Let t(o) = o**3 + 14*o**2 + 7. Let u be t(-14). Suppose u*n = 5*n + 166. List the prime factors of n.
83
Let y be (-12)/(-4) - (-1 - -1). Let t be 4/y*12/8. Suppose -t*b = -0*b - 14. What are the prime factors of b?
7
Let b(o) = 2 + 0*o**3 + 15*o**2 - o**3 + 3 - 9*o**2 - o. Let d be b(6). What are the prime factors of 27 + (d + 1 - -3)?
2, 3, 5
Let d(y) = y**3 + y**2. Let s = -47 + 49. What are the prime factors of d(s)?
2, 3
Let t = 681 + -457. List the prime factors of t.
2, 7
Suppose p = 5*o - 14, -3*p + 6 = 5*o - 2*p. Suppose -o*k - 2 = 0, -4*c - k = -557 + 26. What are the prime factors of c?
7, 19
Suppose -6*v - 9 = -5*v. Let t = v + 9. Suppose 0 = -t*k + 2*k - 8. List the prime factors of k.
2
Let d(u) = 23*u + 43. Let v be d(-6). Let i = v - -243. What are the prime factors of i?
2, 37
Suppose 60 = 3*s + 9. Suppose 1365 = s*v - 4*v. List the prime factors of v.
3, 5, 7
Let y(b) = -b - 1. Let d(u) = 12*u - 12. Let c(x) = d(x) + 5*y(x). What are the prime factors of c(6)?
5
Suppose -160*b + 2764 = -156*b. What are the prime factors of b?
691
Let p(y) = 3*y + 26. Let c = 37 + -44. List the prime factors of p(c).
5
Suppose -3*i - i = -44. Let r = i - 18. Let f = r - -12. List the prime factors of f.
5
What are the prime factors of (-369954)/(-65) + (-6)/10 - 7?
2, 7, 29
Suppose -3*w - 70*n + 66*n + 11334 = 0, 7549 = 2*w + 5*n. What are the prime factors of w?
2, 31, 61
Let c = 8 - 8. Suppose c*b = b - 145. Suppose 5*z - w - 2*w = 141, 5*z - b = 5*w. List the prime factors of z.
3
Let o(w) = -2*w**3 + 28*w**2 - 18*w - 7. Suppose 3*g = 5*m - 77, -34 = 2*m - 4*m + 2*g. List the prime factors of o(m).
97
Suppose 0 = -834*m + 832*m + 1206. List the prime factors of m.
3, 67
Let v = 40 - 20. Suppose 55 = 5*a + 5*l, -2*l + 0*l - v = -4*a. What are the prime factors of a?
7
Suppose 2*y + y = 783. Suppose 5*u - y = 2*u. List the prime factors of u.
3, 29
Suppose -20 = 4*b, -3*b = x - 0*b - 979. Suppose x = 5*r + 2*r. List the prime factors of r.
2, 71
Suppose -42*y + 12975 = -17*y. What are the prime factors of y?
3, 173
Let l = 831 + -396. Suppose -l = -3*v - 0. Suppose -6*y + y = -v. What are the prime factors of y?
29
Let m(h) = -h**3 + 9*h**2 + 6*h. Let v be m(10). Let j = v - -79. List the prime factors of j.
3, 13
Let p be -1*(-1)/((-4)/(-24)). Suppose p = 2*j + 22. Let b = 2 - j. What are the prime factors of b?
2, 5
Suppose -w + 2*h = 13, 4*w - 6*h = -h - 37. Let z = 25 - w. What are the prime factors of z?
2, 7
Suppose 2*p - r = 5789, -19*p + 5*r + 14485 = -14*p. What are the prime factors of p?
2, 3, 241
Let h(g) be the third derivative of 0*g + 1/10*g**5 + 0 + 5*g**2 + 1/12*g**4 - 7/6*g**3 - 1/120*g**6. What are the prime factors of h(5)?
2, 7
Let x be (1 - -33)/((-3)/(-12)). Let t = x + -89. Suppose 2*r + t = 127. List the prime factors of r.
2, 5
Suppose 3*w - 13 = 2*w. Let v(u) = 2*u**3 + 16*u**2 + 3*u - 15. Let p(a) = -a**3 - a**2 + 1. Let l(k) = 3*p(k) + v(k). List the prime factors of l(w).
3
Let o(r) = r**2 + 3*r - 5. Let b be o(-6). Suppose -4*p = -47 - b. Suppose p = -2*t + 79. What are the prime factors of t?
2
Let q(f) = 4*f**2 - 15*f + 4. Let l be q(12). Suppose 4*x = -4*k + l, 0 = x - 2*k + 5*k - 110. What are the prime factors of x?
5, 19
Let w be (-4 - -2) + 2*-2. Let l = 7 + w. List the prime factors of -18*(3/(-6))/l.
3
Let u = 92 - -653. What are the prime factors of u?
5, 149
Suppose -4*d = -9*d. Let j(i) = -5 + 3*i - 4*i + d*i + 2*i**2 - 4*i. What are the prime factors of j(5)?
2, 5
Suppose 6 - 2 = 4*l. List the prime factors of l*-18*85/(-15).
2, 3, 17
Suppose 5*s - 2965 = -5*u, 5*s - 1248 = -2*u - 62. Suppose 0*p - 125 = -p + 4*b, 5*p - 4*b - u = 0. List the prime factors of p.
3, 13
Suppose 4 = -3*d - r + 6*r, 5*r = d + 18. Let t(z) = z**2 - 4*z - 7. Let a be t(d). Suppose a + 4 = 3*x. What are the prime factors of x?
2, 3
Let r be (-16)/(-4) - (-3 + -7). Suppose f - r + 2 = 0. What are the prime factors of (-4)/f*-3 - -55?
2, 7
Let g = 18 - 9. Suppose -g*f = -2*f - 798. What are the prime factors of f?
2, 3, 19
Suppose -5*t - 17 - 3 = 0, 5*f - 14 = t. Suppose 5*r - 45 = -2*w, 28 = f*w + r - 29. List the prime factors of w.
2, 3, 5
Let i(f) = -22*f - 55. Let s be i(-27). Suppose -s = -4*w + 485. What are the prime factors of w?
2
Let p = 31 + -26. Suppose -p*i = 2*q - 0*q - 11, -5*i - 3*q = -9. Suppose -i*r - 348 = -9*r. List the prime factors of r.
2, 29
What are the prime factors of 49039/145 - (0 + (-4)/5)?
3, 113
Let a = 418 - 235. What are the prime factors of a?
3, 61
Let w(c) = c + 19. Let x be w(-9). List the prime factors of 432/5 + (26/x - 3).
2, 43
Let d = -274 + 86. List the prime factors of (-2 + d)*3/(-6).
5, 19
Suppose 0 = -g + 4*g - 6, -17 = -5*r - g. Let x = r + -16. Let h = 25 + x. List the prime factors of h.
2, 3
Let l = 146 + -144. Let h(q) = q**3 - 6*q**2 + 5*q + 7. Let j be h(5). Suppose -80 = l*i - j*i. What are the prime factors of i?
2
Let n be (-2)/((-8)/20) - 1. Let v = n + -4. What are the prime factors of v + 3 + (-4 - -4)?
3
Let v be ((-2)/4)/(6/(-24)). Let f be 2 - (-165)/6*v. Suppose 3*s = 6*s - f. What are the prime factors of s?
19
Let g(s) = s + 7. Let t be g(-4). Suppose 5*b = -0*d + 2*d, -t*d = -4*b. Suppose 0*x + 4*x - 3*p = 98, -x + p + 24 = d. What are the prime factors of x?
2, 13
Let h(s) = -s**2 + 8*s + 11. Let v be h(8). Let g(k) = 3*k. What are the prime factors of g(v)?
3, 11
Let q(i) = 3*i**3 + 14*i**2 - 19*i + 6. Let y be q(-15). What are the prime factors of 6/21 - (y/28 + 0)?
239
Let b(m) = m**2 - 6*m - 12. Let c be b(10). Let x = 50 + c. What are the prime factors of x?
2, 3, 13
Let i(f) be the second derivative of -f**4/4 + 2*f**3/3 - f**2/2 - 4*f. Let m be i(3). List the prime factors of 0 - 176/(m/4).
2, 11
Suppose -4*h + 8 = -2*h. Suppose 10*y - 14*y = h. What are the prime factors of (y/(-4))/(1/68)?
17
Suppose -3*d = -13 - 14. Let h be ((-24)/(-16))/(6/8). Suppose h*x - 15 + d = 0. What are the prime factors of x?
3
Suppose 17*t + 63 = 16*t. Let m = 87 - 129. Let d = m - t. List the prime factors of d.
3, 7
Suppose -5*o - 2*p = -6*p - 104, 3*o = p + 68. Suppose -5*m - 25 = 0, -i - 5*m = -o - 6. What are the prime factors of i?
5, 11
Let p be -3*2/15 - 4808/(-20). Let g = -157 + p. List the prime factors of g.
83
Let i(m) = m**3 + 2*m**2 - m + 4. Let j be i(0). Suppose 0*h - 364 = -j*h. What are the prime factors of h?
7, 13
Let h = -15 + 30. Let n be (2 - -10)*(-18)/27. Let m = n + h. List the prime factors of m.
7
List the prime factors of 8*(-9)/(-72) - (-38 + 0).
3, 13
Suppose -308 = -2*u - m, -4*u + m - 101 = -711. List the prime factors of u.
3, 17
Suppose 2*q - 4 = -4*y, -2*q + 5*y - 11 = -6*q. Suppose -7*r = -q*r + 3. List the prime factors of 18 + (2 - 2) + r.
17
Let s(r) = -r**2 + r + 20. Let c be s(6). Let m = 77 - c. List the prime factors of m.
3, 29
Let r = 939 + -289. List the prime factors of r.
2, 5, 13
Suppose 3*w - 4 - 8 = 0. Suppose 4*r = 12, -30 - 2 = -w*g - 4*r. Suppose 10*b - 190 = g*b. What are the prime factors of b?
2, 19
Suppose -48*p + 5485 + 43139 = 0. What are the prime factors of p?
1013
Let i = 103 - 157. Let h be (-3)/((-51)/i - 1). Let m = h + -17. What are the prime factors of m?
37
Let d be (-2)/11 - (-598)/143. Suppose -221 = -d*y + 5*z, z + 3*z + 118 = 2*y. List the prime factors of y.
7
Suppose 3*u - 19*u = -2656. What are the prime factors of u?
2, 83
Let a = 0 + -27. Let p = -27 - a. Suppose -y + p*y = -26. List the prime factors of y.
2, 13
Let i(v) = -v**2 + 22*v - 18. Let q = -8 + 26. Let r be i(q). Suppose -z + r = 2*d, -2*z = z + 6. List the prime factors of d.
2, 7
Let i = -36 - -60. Suppose -3*x + 54 = -i. Suppose -22 = -4*u + x. What are the prime factors of u?
2, 3
Let l(o) = -14*o - 6. Suppose f + 36 = -f. Let k = f + 14. List the prime factors of l(k).
2, 5
Let b(h) = 27*h - 71. What are the prime factors of b(13)?
2, 5, 7
Let m = 174 + -17. Suppose -6*s - 24 + 546 = 0. Let u = m - s. List the prime factors of u.
2, 5, 7
Let